. Let m(p) = -2*p**2 - 2 + 9*p - 8*p + 6*p**2. Calculate the remainder when x is divided by m(-2).
10
Suppose -4*b = -77 - 3. Suppose -2*r + b = 2*r. Suppose 3*u + 2*u = 15. Calculate the remainder when r is divided by u.
2
Suppose 0 = 17*p - 53 - 304. Calculate the remainder when p is divided by 13.
8
Suppose c = -0*c - 4. Let s = 4 + c. Suppose 5*m + 0*a - 58 = a, s = -2*a + 4. What is the remainder when 34 is divided by m?
10
Suppose 5*a = z + z + 146, 47 = 2*a + 3*z. Calculate the remainder when 108 is divided by a.
24
Suppose -3*j + 73 = -o, 2*j - 29 - 24 = 5*o. What is the remainder when j is divided by 2/9 + (-158)/(-18)?
6
Let k(m) be the second derivative of 1/3*m**3 + 0 - 3*m + m**2. What is the remainder when k(6) is divided by 8?
6
Let u(j) = 8*j + 1. Let a(y) = y + 7. Let z be a(-5). Let c(p) = 7*p + 7. What is the remainder when c(6) is divided by u(z)?
15
Let w be (-2)/3 - 384/(-9). Suppose -h = -w - 17. Suppose 4*z + 3 - h = 0. Calculate the remainder when 40 is divided by z.
12
Suppose -5*z + 31 = -4*d, z - 2*z - 5*d = 17. Suppose -s = 3*s - 16. Suppose -2*c - s = -z*c. What is the remainder when c is divided by 3?
1
Let j be (-3 - -1)/(12/(-42)). Suppose 0 = 2*b - 3*k - j, -2*b = -0*k + 5*k - 47. What is the remainder when 42 is divided by b?
9
Suppose 2*g + 3*h = 17, 4*g - 5*h = 69 + 20. Calculate the remainder when g is divided by 2/5 - (-28)/5.
4
Suppose 0 = -2*u - u + 9. Let q = u + 23. Suppose -32 = -2*i + 4*t, 0 = -5*i - 4*t + 40 + 26. What is the remainder when q is divided by i?
12
Suppose 23 = -4*c + 95. What is the remainder when -35*-3*(-3)/(-9) is divided by c?
17
Suppose -6*y = -4*y - 6. Suppose 247 = 4*l + y*w, 2*l + 5*w = -3*l + 315. What is the remainder when l is divided by 15?
13
Suppose -m - 3*m = -4*s - 132, -159 = -5*m + 2*s. Calculate the remainder when m is divided by (8/12)/((-10)/(-165)).
9
Let x = 8 + -6. Suppose -30 = -i - x*i. What is the remainder when i is divided by 4?
2
Let y(v) = 4*v**3 - v + 0*v**3 + 6*v**2 + 2*v**2 + 1 - 3*v**3. Suppose 0 = 2*x - x - 5. What is the remainder when y(-8) is divided by x?
4
Suppose -2*n - 3*t + 43 = 0, 4 = 2*t + 14. Calculate the remainder when 55 is divided by n.
26
Suppose 25*w - 75 = 20*w. Calculate the remainder when w is divided by 4.
3
Let c = -12 + 14. Suppose c*b = b - z + 2, -2 = b + 5*z. Calculate the remainder when 6 is divided by b.
0
Suppose 2*a - 351 = 5*a. What is the remainder when (-2)/4 + a/(-6) is divided by 10?
9
Let a be 3 - ((0 - 3) + 3). Suppose -f + 5*x = -27, -2*f + x - a*x - 6 = 0. Calculate the remainder when 3 is divided by f.
1
Let d(g) = g**2 - g - 3. What is the remainder when d(-5) is divided by 15?
12
Let i be (-8)/6*90/(-12). What is the remainder when 11 is divided by 5/2*12/i?
2
Let f = -12 - -36. Calculate the remainder when 46 is divided by f.
22
Suppose -3 - 27 = -2*z. Suppose -5*s + 8 = -3*b, 2*b + 0*b - 5*s + 12 = 0. Calculate the remainder when z is divided by b.
3
Let p = -129 + 190. What is the remainder when p is divided by 21?
19
Suppose a + 117 = 2*a - 5*q, -5*q + 117 = a. What is the remainder when a is divided by 59?
58
Let w = 14 - -5. Let b = 1 + -5. Let q(g) = -g**3 - 2*g**2 - 5*g + 3. Calculate the remainder when q(b) is divided by w.
17
Suppose 2*g - 33 = -3*t, -t = -g - 3*g + 45. Let d(w) = -w**2 - 3*w. Let o be d(-2). Suppose 3*n - 7 = o*n. What is the remainder when g is divided by n?
5
Let j = 95 - 75. Calculate the remainder when 59 is divided by j.
19
Let z(n) = 4 - 1 + 3*n + 4 - 8. Suppose 4*o - 3 = 5, 22 = 4*l + o. Calculate the remainder when z(6) is divided by l.
2
Let g(d) = d**2 - 5*d - 6. Let p be g(7). Let t(i) = -18*i - 5. Calculate the remainder when t(-4) is divided by (-2 - 30/p)*-4.
21
Let t = -4 + 6. Suppose 0 = 4*j + 3*r - 386 - 15, j - 99 = -t*r. Let n = j - 61. Calculate the remainder when n is divided by 14.
12
Suppose 6 + 4 = 2*d. Suppose 3*y - 38 = -0*y + 2*k, d = k. What is the remainder when 30 is divided by y?
14
Let a = -5 - -7. Suppose -a*r = r - 27. Calculate the remainder when 16 is divided by r.
7
Calculate the remainder when 157 is divided by (38 - -2) + (-3 - -3).
37
Let u = -58 + 91. Suppose 8*m + 16 = 4*m. What is the remainder when u is divided by m/18 - 1395/(-81)?
16
What is the remainder when 4/6*(-1278)/(-12) is divided by 18?
17
Let n(z) = -z - 4. Let m be n(-7). Suppose -5*i = 4*f + 7 - 72, m*f = -4*i + 51. Calculate the remainder when i is divided by 3.
0
Let a = 10 + -6. Let j(o) = o**2 - 2*o + 1. Let b(x) = x**3 - 10*x**2 - 10*x + 15. Calculate the remainder when b(11) is divided by j(a).
8
Let w = -41 - -110. Suppose 5 = 2*r - w. Let j(u) = 3*u - 8. What is the remainder when r is divided by j(9)?
18
Let v(o) = o**3 + 23*o**2 + 22*o + 14. What is the remainder when 54 is divided by v(-22)?
12
Suppose h - 108 = -h. Suppose -h = 2*r - 5*r. What is the remainder when r is divided by 7?
4
Suppose 4*l - 453 = -n, -4*l + 463 = -0*l + 3*n. Let o = -78 + l. Calculate the remainder when o is divided by 9.
7
Let h(f) = -f**2 - 5 + 6 + 14*f - 4*f. Let q(a) = a**2 - 3*a + 1. What is the remainder when q(3) is divided by h(10)?
0
Suppose 0 = 5*j - 4*j - 3. Suppose d = 3*h, 0 = 2*d - 3*h - 0 - j. Calculate the remainder when 3 is divided by d.
0
Let s be (-14)/(-7)*(-22)/(-2). Let j = -3 + s. Calculate the remainder when j is divided by 6.
1
What is the remainder when 82 is divided by (-696)/(-56) + -2*6/28?
10
Suppose -k - 2*z - 8 = 0, 7 = 2*k - 4*z - 1. Let f be 22/10 + k/10. Suppose -2*p = f*p - 36. What is the remainder when 26 is divided by p?
8
Let d(p) = 31*p - 2. Let f be d(3). Suppose -2*j + 39 = k, -3*j - 2*j = -4*k - f. Calculate the remainder when 73 is divided by j.
16
Suppose 0 = -2*w - 0*w + 96. Suppose 0*x + 91 = 7*x. What is the remainder when w is divided by x?
9
Let c = 11 - 7. Suppose 0 = c*g - 112 - 32. Suppose 5*s = 4*m + g, 5*m + 36 = -2*s + 6*s. What is the remainder when 10 is divided by s?
2
Let a be 0 - (-2 - 1)/1. Suppose -4*z + 3*y + 191 = 0, -a*z - y + 57 = -70. Calculate the remainder when z is divided by 15.
14
Let i(m) = m**2 - 3*m + 7. Let o be i(8). Suppose -10 - o = -3*f. Calculate the remainder when 56 is divided by f.
18
Let g(c) = -c**2 - 15*c - 22. Calculate the remainder when 52 is divided by g(-10).
24
Let q = 18 + -13. Suppose -4*t + q = -19. What is the remainder when 15 is divided by t?
3
Suppose 9*s - 83 = 5*s - 5*g, 0 = 2*s + 2*g - 40. Calculate the remainder when 28 is divided by s.
11
Let n = -3 + -7. What is the remainder when 43 is divided by 5*(-11)/n*2?
10
Let m = -43 + 80. Let d(n) = n**3 - 13*n**2 - 11*n - 29. Calculate the remainder when m is divided by d(14).
11
Let q = 205 - 166. What is the remainder when q is divided by 21?
18
Suppose 2*j - 5*y = -0*j + 15, -5*y = -5*j + 75. Let h be 2/(-3) - j/(-3). Suppose -q + 0*q = -h. What is the remainder when q is divided by 2?
0
Suppose -16 = -4*p, 3*m - 2*p - 125 = 2*p. Suppose -c + 4 = -m. Suppose -6*w = -3*w - c. Calculate the remainder when w is divided by 6.
5
Suppose x = 4*q - 90, -3*x + 102 = 5*q + x. What is the remainder when q is divided by (1 + -3)*8/(-2)?
6
Suppose -2*v - z = 3 - 5, 5*z = 2*v - 14. Suppose -7 = -g + d, 4*d + d - 14 = -v*g. What is the remainder when 12 is divided by g?
5
Suppose 239 = -5*f - 51. Let v = 111 + f. What is the remainder when v is divided by 14?
11
Let o = 6 - 2. Let u(g) = 5 - o*g + 4 + 3*g. Calculate the remainder when 3 is divided by u(7).
1
Let x(l) = l**2 + 13*l + 3. Let u(g) = -g**3 - 10*g**2 - 7*g + 5. Let c be u(-9). What is the remainder when x(c) is divided by 3?
0
Suppose 4*z + 246 - 938 = 0. Suppose 2*v - z = 287. Suppose 0*q + v = 5*q. What is the remainder when q is divided by 16?
14
Suppose -5*n - m = -39, 0*n + 3*m = 3*n - 27. Let f(a) = a + 24. What is the remainder when f(-11) is divided by n?
5
Suppose 4*k - 2*k - 3*a - 40 = 0, 43 = 3*k + 4*a. Calculate the remainder when 48 is divided by k.
14
Suppose -5*u + 8 = -7. Suppose 0 = t + 3*t - u*b - 19, -2*t - 4*b = 18. What is the remainder when (2 - t) + 22/1 is divided by 12?
11
Let w = -4 - -13. Let v = w - 5. What is the remainder when 13 is divided by v?
1
Let v be 1 - (1/1 - 10). Calculate the remainder when ((-1)/2)/((-1)/v) is divided by 3.
2
Let h(l) = 1